 + 48. What is the hundreds digit of n?
1
Let t = -96 + 1. Let r be (68/8)/(1/(-6)). Let j = r - t. What is the tens digit of j?
4
Let x = 2954 - -9366. What is the tens digit of x?
2
Suppose -292*s - 55*s - 53*s = -14294000. What is the tens digit of s?
3
Suppose r - 3*u + 4 = 0, 0 = r + u + 4*u - 12. Suppose 5*o - 1786 = m, 3*o - 1075 = 2*m + r*m. What is the hundreds digit of o?
3
Suppose -y = -39*l + 37*l - 11227, 0 = 5*y - 4*l - 56147. What is the tens digit of y?
3
Suppose -13*t = -7*t + 276. Let p = t + 103. Let h = 265 - p. What is the units digit of h?
8
Let n = 280 - 226. What is the units digit of (-860 - n)/(2/(-2))?
4
Let w be (20/10)/(2/26). Suppose -13*u + w*u - 6955 = 0. What is the units digit of u?
5
Suppose 3*z = -6*z + 63. What is the tens digit of 6 - z - (4 - 62)?
5
Let k(h) = -7*h**3 - 12*h**2 - 25*h - 25. Let j(v) = -2*v**3 - v**2 + v - 1. Let t(b) = -4*j(b) + k(b). What is the thousands digit of t(15)?
1
Suppose -2*k = -5*m + 26, 5*m - 28 = m + 4*k. Suppose 24 - 24 = -42*h. Suppose -33 + 563 = 5*w - 4*l, h = m*w - 4*l - 424. What is the hundreds digit of w?
1
Let h = -24703 - -36306. What is the tens digit of h?
0
Let v be (3 + -4)*(-3 + 0). Suppose 2*s + v*s - 645 = 0. What is the tens digit of s/(-2)*56/(-42)?
8
Let z(b) = 18*b**2 - b - 31. Let p be z(-8). Suppose j - p = -0*j. What is the thousands digit of j?
1
Let z be (2*(-6)/10)/((-2)/50). Let d = 28 - z. Let u(s) = -12*s**3 - 2*s**2 + 3*s + 2. What is the units digit of u(d)?
4
Suppose -84108 = -4*a - l, 2*a - 10*l = -5*l + 42076. What is the thousands digit of a?
1
Let t(k) be the third derivative of 5*k**4/24 + 22*k**3/3 + 65*k**2. What is the tens digit of t(7)?
7
Let v(o) = 93*o**3 + 6*o + 5. Let a be v(-2). Let m = -325 - a. What is the hundreds digit of m?
4
What is the tens digit of 41035/20 + ((-310)/40 - -8)?
5
Let k = -704 + 173. Let h = 811 + k. What is the units digit of h?
0
What is the hundreds digit of (-8)/76 + (-5871337)/(-1577)?
7
What is the hundreds digit of (38/1)/((-18)/(-21456)*4)?
3
What is the thousands digit of 291*89868/378 - (-7)/((-147)/2)?
9
Let j be (-1239)/(-49) + 4/(-14). Suppose 0*a + a = -u + 9, u = -5*a + j. Suppose 3*b + 2*l - 372 = 4*l, u*b - 627 = l. What is the tens digit of b?
2
Let r(v) be the first derivative of 77*v**3/3 - 2*v**2 + 18*v + 131. What is the hundreds digit of r(-3)?
7
Suppose -32124 = -4*x + 2*o + 23100, 4*o = -x + 13779. What is the thousands digit of x?
3
Let i(l) = 7 + 19*l - 2*l**2 - l**3 - 6*l**2 - 13. Let y be i(-10). Suppose 16 = 2*r - 3*f - 182, -r = y*f - 99. What is the tens digit of r?
9
What is the thousands digit of 5/(65/33302) - (-616)/2002?
2
Let v = -4524 - -5502. What is the units digit of v?
8
Suppose 26 = 21*z + 5*z. Let q = 2 + -3. What is the units digit of (z*q)/((-8)/512)?
4
Let x be (-2)/9*-15*-3. Let t = 944 - 948. What is the tens digit of (-339)/(-6) + -2 + x/t?
5
Suppose -5*y - 43 + 53 = 0. Suppose 0 = -5*m - 3*p + 3982, -y*m = -p - 4*p - 1599. What is the hundreds digit of m?
7
What is the thousands digit of (174/435)/((-4)/(-62170))?
6
Suppose -22*a = 119 - 9. What is the units digit of a/2 + (-6705)/(-10)?
8
Let b = -233 - -252. Suppose -3*m + b*m = 3792. What is the hundreds digit of m?
2
Let j(k) be the third derivative of -k**6/120 + k**5/12 - 11*k**4/24 - 53*k**3/6 + 5*k**2 - 18*k. What is the tens digit of j(-8)?
6
Let f = -1646 + 5569. What is the tens digit of f?
2
Let c be 10985/39 + ((-14)/(-6) - 2). Suppose 93 + c = q. Suppose 17*k = 20*k - q. What is the tens digit of k?
2
Suppose -113 - 427 = 30*c. What is the units digit of (-366)/(-8)*(-264)/c?
1
Suppose 11*t + 5*t + 192 = 0. Let d be (t/8)/(6/(-8)). What is the units digit of (3 - d) + (100 - -4)?
5
Let j = -34 + 184. Suppose -j*k = -152*k + 38. What is the units digit of k?
9
Suppose 240955 - 22251 = 191*g - 109625. What is the units digit of g?
9
Let o = -5316 + 26864. What is the hundreds digit of o?
5
Let s(g) = 11*g**2 + 949*g + 140. Let f be s(-86). Let t be (236/(-10))/((-2)/20). Let z = t + f. What is the tens digit of z?
1
Suppose -2*o + 1 = -3*q, 5*q - o - 15 + 5 = 0. Suppose q*v + v - 40 = 0. Suppose 15*x - v*x = 1155. What is the tens digit of x?
3
Let l be (-170)/17 - 8/(-2). What is the tens digit of (-48)/(-9) - 6 - 2686/l?
4
Let t(p) = 116*p**2 - 26*p + 106. What is the units digit of t(7)?
8
Let p = 285 - 411. Let k be (-134848)/p - (-4)/(-18). Suppose 4*g + k = 9*g. What is the units digit of g?
4
Let p be (507/(-195))/(-2*(-2)/(-20)). Suppose 10*n = -p*n + 10695. What is the tens digit of n?
6
Let g(d) = d**3 + 15*d**2 - 16*d + 11. Let x be g(-16). Suppose 3*v + 59 = x. What is the units digit of 60/v*4/(-3)?
5
Let c be (-5 - (-69)/15) + (-3519)/15. Let a = c + 242. What is the units digit of a?
7
Suppose -2516 = 5*k - w - 6768, 4*k = w + 3401. Let o = 1477 - k. What is the units digit of o?
6
Suppose 4 = -2*w - 2*f + 6*f, -3*w = 5*f - 16. Let p be 22/(-12) + w + 414/108. Suppose 2*u + 0*u - 154 = 5*a, 4*u - 308 = p*a. What is the tens digit of u?
7
Let d be (2 + -6)/(5/(165/(-6))). Let c = -22 + d. What is the tens digit of 3 - c - 0 - 2*-17?
3
Let y = -698 - -702. Suppose -y*k = -19*k + 24075. What is the units digit of k?
5
What is the tens digit of ((-19740)/135)/14*-423?
1
Suppose 3*h - 45 = -360. Let a = 1156 + h. What is the hundreds digit of a?
0
Let h(n) = -21*n + 2. Suppose 0 = 5*k - v + 176, -3*k - 41 - 59 = 5*v. Let g = -37 - k. What is the units digit of h(g)?
4
Let u(q) = 83*q - 141. Let h(k) = -28*k + 47. Let o(b) = -17*h(b) - 6*u(b). What is the units digit of o(-4)?
5
Let b(s) = s**2 + 9*s + 10. Suppose 0 = 5*o + 4*p + 43, -2*p = o - 4*o - 17. Let y be b(o). What is the units digit of (4/(-6))/(y/18)?
3
Suppose 3*x + 5 = -5*q - 10, -5*q = -2*x - 10. Let g be 258*((-5)/3 - (-2 - q)). Suppose -g + 22 = -4*m. What is the tens digit of m?
1
Suppose -5*b - 3*t = -1321 + 419, 2*b - 368 = -3*t. Let h = -63 + b. Suppose r = 36 + h. What is the tens digit of r?
5
Suppose -15*g = -4*g - 380254 + 2426. What is the tens digit of g?
4
Suppose 3*b + 51964 = 172891. What is the thousands digit of b?
0
Let q be 11 - 7 - (0 - 43). Let z = 51 - q. Suppose -2*k = -5*n + 478, z*n - 5*k = 283 + 96. What is the tens digit of n?
9
Let z = 7641 + -2960. What is the tens digit of z?
8
Suppose -52659 + 193878 = 51*u. What is the tens digit of u?
6
Let t = 101 + -123. Let s be (-12 + 11)*12/1. Let u = s - t. What is the units digit of u?
0
Let p(s) = -8*s**2 - 7*s - 10. Let o be p(-7). Let a = o + 355. What is the units digit of a?
2
Suppose 4*p - l + 7 - 11 = 0, -p = -3*l - 1. What is the units digit of p/(-15) + 4638/45?
3
Let v = -13 + 17. Suppose -5*d + 3*z = 414, 2*d - v*z + 28 = -146. What is the units digit of 36/d + 5336/18?
6
Let j(b) = b**3 - 12*b**2 + 10*b + 11. Let u be j(11). Suppose z - 2 - 3 = u. Suppose 3*r - 268 = z. What is the units digit of r?
1
Let m = 275 - 256. Suppose 3*i + 4*x = 726, -24*x = i - m*x - 242. What is the tens digit of i?
4
Let u be (-1418)/(-8) + (-7)/28. Let c be -11 + (-1)/(-5)*-2*-5. Let b = u + c. What is the hundreds digit of b?
1
Let d(a) = 2*a + 16. Let x be d(-8). Suppose x - 2 = -2*j. Let h = 27 - j. What is the tens digit of h?
2
Let j = 18105 + 42360. What is the ten thousands digit of j?
6
Suppose 105*d + 149*d - 98208 = 78*d. What is the hundreds digit of d?
5
Let z(v) = 24*v + 1. Let q be z(-1). Let y = 562 - 537. Let k = q + y. What is the units digit of k?
2
Suppose 31*t = 27*t + 180. Let z be 32/6*t/20. What is the tens digit of (-3 - (-97)/3)/(z/90)?
2
Let n(z) = 44*z**2 + 8*z + 21. Suppose -5 + 31 = -13*r. What is the hundreds digit of n(r)?
1
Let u(h) = -h**3 + 6*h**2 + 18*h - 17. Let x be u(9). Let w be -3 + (-3 - x) + 2 + -2. Let v = -58 + w. What is the units digit of v?
4
Suppose -5*y + r = -21 - 137, 0 = -4*y + 4*r + 120. Let f be 1/(918/1582 - y/56). Let q = f - 46. What is the tens digit of q?
6
Let l(j) = 3*j**2 - 2*j - 131. What is the tens digit of l(-19)?
9
Suppose 10*j = 59*j - 7*j - 1350300. What is the tens digit of j?
5
Suppose -7*q + 9*q - 50 = 0. Suppose -4*a - 9 = -q. Suppose 0 = 7*d - a*d - 258. What is the units digit of d?
6
Let r = -47 - -48. Suppose 4*q - 19 = -0*q + g, -4*q - r = -5*g. Suppose q*u = 3*u + 159. Wh